se -8 - c = 4*z. What is the remainder when 25 is divided by -1*(-2 - z - 15)?
12
Let n(w) = w - 4. Let q be n(7). Let y be -4 + q - (0 + -106). Suppose 5*k - y = 2*k. Calculate the remainder when k is divided by 12.
11
Suppose -2*i + 236 = 4*g, 5*i - 106 = -g + 439. Let r = i + -59. Let y = r + -22. Calculate the remainder when y is divided by 14.
13
Let r(v) = 5*v - 5. What is the remainder when (-1 - -3 - 3) + 30 is divided by r(4)?
14
Calculate the remainder when 84 is divided by 28/21*66/4.
18
Suppose -v + 5*k - k + 71 = 0, k = -3*v + 148. Suppose 5*g = -3*u + 40, -5*g = u + 4*u - 80. Let q = v - u. Calculate the remainder when q is divided by 11.
9
Suppose -444 = -4*b - 8*b. Calculate the remainder when b is divided by 10.
7
Let j be 9/(-3) - (-4)/2. Let t be (295/20)/(j/4). Let f = -20 - t. Calculate the remainder when f is divided by 20.
19
Let h be 6/(-9) - 16/(-6). Suppose 0 = -t - h*z + 111, 2*t - 5*t + 313 = -4*z. What is the remainder when t is divided by 27?
26
Let v(z) be the third derivative of 9*z**5/10 + z**3/6 + z**2. Calculate the remainder when v(-1) is divided by 29.
26
Suppose 84 = 9*f - 33. What is the remainder when 47 is divided by f?
8
Suppose m = i + 12, 0*m - 72 = -5*m - i. Suppose b - 37 = m. Suppose 0*g = 3*g - b. Calculate the remainder when 33 is divided by g.
16
Suppose 3*w + 3 = 4*w + 4*d, 3*w + 2*d - 29 = 0. Calculate the remainder when w is divided by 6.
5
Suppose 0 = -k - 4*k + 75. Suppose 4*i = -k + 187. What is the remainder when i is divided by 22?
21
Suppose 3*r - 105 = -4*x, -4*r + 0*x - 2*x + 140 = 0. Calculate the remainder when r is divided by 13.
9
Let w = 6 + 27. What is the remainder when w is divided by 18?
15
Let j(u) = -2*u**2 - 5*u - 1. Let n(b) = -b**2 - b - 1. Let q(c) = j(c) - 3*n(c). What is the remainder when q(3) is divided by 2?
1
Let g(a) = a**3 + 2*a**2 + 2*a + 2. Let v be g(-2). What is the remainder when v/(-4) + (-110)/(-4) is divided by 15?
13
Suppose -2*y + 1 + 17 = 0. Calculate the remainder when y is divided by 16*(1 - (-1)/(-2))/2.
1
Let k = -186 - -192. Let p be 33 - 0 - (2 + -4). Let i = p + -13. Calculate the remainder when i is divided by k.
4
Let m(h) be the first derivative of 2*h**3 - 3*h**2/2 + 4. What is the remainder when m(2) is divided by 5?
3
Suppose 0 = -4*w + 4*d + 8, w = -w - d + 19. Suppose -q - q + 10 = 0. Calculate the remainder when w is divided by q.
2
Calculate the remainder when ((-46)/(-8))/(3/12) is divided by 13.
10
Let g(z) = z + 4. Let y be g(0). Suppose -y*f = -2*f + 2. Calculate the remainder when 31 is divided by (f + (-21)/(-5))*5.
15
Let h = -12 + 37. Let t = h - 4. Calculate the remainder when 60 is divided by t.
18
Suppose 2*j - 42 - 46 = 0. Let i = j + -6. What is the remainder when i is divided by 20?
18
Calculate the remainder when 35 is divided by -2 + 7/3 - (-53)/3.
17
Let d(f) be the first derivative of -1/4*f**4 + 4*f + 0*f**2 + 3 + 0*f**3. What is the remainder when 6 is divided by d(0)?
2
Let g(o) = 6 - 3*o + 9 + 4 + 4*o. Suppose -157 = -2*s - 47. Calculate the remainder when s is divided by g(0).
17
Let g = 10 - 4. Let n(w) = -10 + 9*w + 6 - w**2 + g. What is the remainder when 46 is divided by n(7)?
14
Suppose -3*a = 4*i - 27, i + 55 = 4*a - 0*i. What is the remainder when -1 + 2 - (-70)/2 is divided by a?
10
Suppose 4*n + 5*k - 3*k - 52 = 0, 4*k = 2*n - 26. What is the remainder when n is divided by 7?
6
Suppose 3*i = i + 46. Suppose 0 = f + i + 1. Let r = -5 - f. Calculate the remainder when r is divided by 7.
5
Let p(n) be the third derivative of n**5/15 + 2*n**3/3 + 3*n**2. What is the remainder when p(-4) is divided by 23?
22
Let a = 9 + -5. Suppose -r - a*z + 1 + 1 = 0, -4*r + 22 = 2*z. Calculate the remainder when (-44)/6*((-3)/(-6) - 2) is divided by r.
5
Let x be (-6 - -3 - -6) + -12. Let u be (x - -5)/(2 + 0). Let s = u - -9. What is the remainder when 19 is divided by s?
5
Let q = 91 - 30. What is the remainder when q is divided by 9?
7
Let k = 20 - 10. Let f be (-1 + 0 + 0)*-37. Let b = -9 + f. Calculate the remainder when b is divided by k.
8
Let v be (-2)/(-5) - (-32)/20. Suppose v*c + 2*d - 108 = -3*c, -5*d = 2*c - 60. Calculate the remainder when -13*(0 + 1*-3) is divided by c.
19
Suppose 19*s = 12*s + 1505. Calculate the remainder when s is divided by 54.
53
Calculate the remainder when 68 is divided by (6/7)/((-4)/(-112)).
20
Let z(f) = 2*f**2 - f + 1. Let b be z(-6). Let a = b - 45. What is the remainder when a is divided by 12?
10
Let w = 7 - -2. Suppose 5 + w = s. Calculate the remainder when 26 is divided by s.
12
Let r(w) = -w**2 + 9*w + 10. Let n(f) = -2*f**2 + 18*f + 20. Let s(k) = -3*n(k) + 7*r(k). Calculate the remainder when s(7) is divided by 13.
11
Suppose -5*s = 5*p - 35, -7 - 21 = -4*s + p. Suppose 100 = 5*u - z, 5*z = -4*u - u + 100. What is the remainder when u is divided by s?
6
Suppose 7*b = 2*b, -i + 3*b = 20. Let d = -32 - i. Let t = d + 23. Calculate the remainder when 31 is divided by t.
9
Let d be ((-2)/(-4))/(1/18). Let c(r) = 13*r + 46. Let y be c(-4). Let m = y + d. What is the remainder when 6 is divided by m?
0
Suppose 23 = -2*b + 3*b. What is the remainder when b is divided by 13?
10
What is the remainder when 130 is divided by -1 - (-68)/(-8)*-4?
31
Let w = -87 - -106. What is the remainder when w is divided by 7?
5
Let h = 5 - -44. Calculate the remainder when h is divided by 25.
24
Let s be -1 + (3 - 1) - 7. Let w(i) = -10 + i - 4*i + 3 + 0*i. Calculate the remainder when 21 is divided by w(s).
10
Let j(b) = 22*b - 1. What is the remainder when j(2) is divided by 11?
10
Suppose 0 = 29*q - 30*q + 11. What is the remainder when q is divided by 3?
2
Suppose a - 2*v + 1 = -0*v, -15 = -a - 2*v. Suppose -11*f = -a*f - 28. What is the remainder when 19 is divided by f?
5
Let c(k) = -2*k + 16. Let v be c(11). Let s(y) = -y**2 - 3*y + 4. Let u be s(v). Let m = -10 - u. Calculate the remainder when 10 is divided by m.
2
Let r be 30*((-4)/6)/(-1). Let l = 23 + -34. Let t = l + r. Calculate the remainder when t is divided by 5.
4
Suppose 2*h + 2*t - 64 = 0, 15 = -2*h + 5*t + 79. Suppose -2*k + 33 = -1. What is the remainder when h is divided by k?
15
Suppose -3*b - 4*p - 14 + 102 = 0, 3*b - 86 = -2*p. What is the remainder when 53 is divided by b?
25
What is the remainder when (-1 + -3 + -49)*-1 is divided by 28?
25
Let f(b) = 4*b**2 + 4*b + 4. Let s be f(6). Suppose 3*n + n - s = 0. Let v = -30 + n. Calculate the remainder when v is divided by 7.
6
Let j(w) = -3*w + 1. Let m be j(-3). What is the remainder when m/(-1)*-2 + 2 is divided by 12?
10
Suppose w = 13 + 4. Calculate the remainder when 48 is divided by w.
14
Let a(q) = 3*q - 17. What is the remainder when 4 is divided by a(7)?
0
Let v(a) = 2*a**2 + 8*a + 5. Let c be v(-9). Let s = c + -68. What is the remainder when s is divided by 7?
6
Let f(t) = -t. Let z be f(-4). Suppose -4*w = 5*o - 39, 21 + 15 = w - z*o. What is the remainder when 47 is divided by w?
15
Let c = -7 - -23. What is the remainder when 26 is divided by c?
10
Let l(p) = 3*p**2 - p + 3. What is the remainder when l(3) is divided by 7?
6
Calculate the remainder when 78 is divided by -3*((-11)/88 - (-142)/(-16)).
24
Let u(g) = 14*g**3 - 4*g**2 + 20*g - 9. Let b(m) = 5*m**3 - m**2 + 7*m - 3. Let f(s) = 11*b(s) - 4*u(s). Calculate the remainder when f(4) is divided by 3.
1
Suppose 4*z - 6*z = -6, 5*z - 15 = 2*u. Let v(b) = -b**2 + b + 17. Calculate the remainder when (-1 - -4)/(3/50) is divided by v(u).
16
Let b(j) be the second derivative of -j**5/20 + j**4/4 + 5*j**3/6 - 4*j. Calculate the remainder when b(4) is divided by 3 + (1 - 1)/(-1).
1
Let o = 61 - 41. Suppose -2*l = 2*l - 8, o = -3*j + l. Calculate the remainder when 32 is divided by 4/j - (-35)/3.
10
Let l(d) = 3*d - 2 - d**2 - 4*d + d**3 - 3 + 2*d**3. Let s be l(5). Suppose 2*n = -h - h + 132, s = 5*h - 5*n. Calculate the remainder when h is divided by 17.
16
Suppose w = -5*w + 30. Calculate the remainder when 18 is divided by w.
3
Suppose -5 - 1 = -2*i. Suppose -q - l = -3*q - 4, -8 = i*q - 2*l. Suppose -5*n + 144 + 31 = q. Calculate the remainder when n is divided by 9.
8
Let g(q) = -4*q. Let c be g(-1). Suppose -y + 2*y - 77 = -c*i, 3*y = -4*i + 71. What is the remainder when i is divided by (-3)/(-6) 